{"id":625,"date":"2024-08-05T23:07:54","date_gmt":"2024-08-05T23:07:54","guid":{"rendered":"https:\/\/proyectoeltambor.org\/?page_id=625"},"modified":"2026-02-25T01:36:07","modified_gmt":"2026-02-25T01:36:07","slug":"publicaciones","status":"publish","type":"page","link":"https:\/\/proyectoeltambor.org\/en\/publicaciones\/","title":{"rendered":"Publications"},"content":{"rendered":"<div class=\"wp-block-uagb-container uagb-block-e0f1cb41 alignfull uagb-is-root-container\"><div class=\"uagb-container-inner-blocks-wrap\">\n<div class=\"wp-block-uagb-advanced-heading uagb-block-e9014f08\"><h2 class=\"uagb-heading-text\">Publications<\/h2><\/div>\n<\/div><\/div>\n\n\n\n<div class=\"wp-block-uagb-advanced-heading uagb-block-828d9193\"><p class=\"uagb-heading-text\">In this section you will find scientific articles published by the El Tambor Project team:<\/p><\/div>\n\n\n\n<ul class=\"wp-block-list\">\n<li>Correa, I., Quevedo, A., Jerez-Rico, M., Bianchi, G., Gutierrez, C., &amp; Ortiz, L. (2026). Macroinvertebrados epigeos bioindicadores de la restauraci\u00f3n del suelo en un Bosque Nublado Andino. Entomotropica, 41, 1-16. <a href=\"https:\/\/saber.ucv.ve\/ojs\/index.php\/rev_ento\/article\/view\/32246\">https:\/\/saber.ucv.ve\/ojs\/index.php\/rev_ento\/article\/view\/32246<\/a><\/li>\n\n\n\n<li>Quevedo-Rojas, A., Jerez-Rico, M., Fari\u00f1as, M. R., Schwarzkopf, T., &amp; Garc\u00eda-N\u00fa\u00f1ez, C. (2024). Light penetration and topography shape juvenile tree species assemblies in the understory of the tropical Andean cloud forest. Journal of Tropical Ecology, 40, e21. <a href=\"https:\/\/doi.org\/10.1017\/S0266467424000178\">https:\/\/doi.org\/10.1017\/S0266467424000178<\/a><\/li>\n\n\n\n<li>Quevedo-Rojas, A., &amp; Jerez-Rico, M. (2021). Mixed Forest Plantations with Native Species for Ecological Restoration in Cloud Forests of the Venezuelan Andes. In A. Cristina Gon\u00e7alves (Ed.), Silviculture. IntechOpen. <a href=\"https:\/\/doi.org\/10.5772\/intechopen.95006\">https:\/\/doi.org\/10.5772\/intechopen.95006<\/a><\/li>\n\n\n\n<li>Quevedo-Rojas, A., Garc\u00eda-N\u00fa\u00f1ez, C., Jerez-Rico, M., Jaimez, R., &amp; Schwarzkopf, T. (2018). Leaf acclimation strategies to contrasting light conditions in saplings of different shade tolerance in a tropical cloud forest. Functional Plant Biology, 45(9), 968. <a href=\"https:\/\/doi.org\/10.1071\/FP17308\">https:\/\/doi.org\/10.1071\/FP17308<\/a><\/li>\n\n\n\n<li>Quevedo, A., Schwarzkopf, T., Garc\u00eda, C., &amp; Jerez, M. (2016). Ambiente de luz del sotobosque de una selva nublada andina: Estructura del dosel y estacionalidad clim\u00e1tica. Rev. Biol. Trop., 64, 10.<\/li>\n\n\n\n<li>Quevedo Rojas, A., Rico Jerez, M., Schwarzkopf Kratzer, T., &amp; Garc\u00eda-N\u00fa\u00f1ez, C. (2016). Distribution of juveniles of tree species along a canopy closure gradient in a tropical cloud forest of the Venezuelan Andes. iForest &#8211; Biogeosciences and Forestry, 9(3), 363\u2013369. <a href=\"https:\/\/doi.org\/10.3832\/ifor1568-008\">https:\/\/doi.org\/10.3832\/ifor1568-008<\/a><\/li>\n\n\n\n<li>Jerez, M., Quevedo, A., Moret, A. Y., Plonczak, M., Garay, V., Vincent, L., Silva, J. D., &amp; Poveda, L. E. R. (2011). Regeneraci\u00f3n natural inducida y plantaciones forestales con especies nativas: Potencial y limitaciones para la recuperaci\u00f3n de bosques tropicales degradados en los llanos occidentales de Venezuela. En La Restauraci\u00f3n Ecol\u00f3gica en Venezuela: Fundamentos y Experiencias. (Instituto Venezolano de Investigaciones Cient\u00edficas, pp. 35\u201360). <a href=\"http:\/\/webdelprofesor.ula.ve\/forestal\/jerez\/PUBLICACIONES\/2011b_Jerez_et_al.pdf\">http:\/\/webdelprofesor.ula.ve\/forestal\/jerez\/PUBLICACIONES\/2011b_Jerez_et_al.pdf<\/a><\/li>\n<\/ul>\n\n\n\n<div class=\"wp-block-file\"><a id=\"wp-block-file--media-4b911aeb-c60f-49cc-ad3e-0d7f3d11548c\" href=\"https:\/\/proyectoeltambor.org\/wp-content\/uploads\/2026\/02\/Correa-I-et-al-2026-Macroinvertebrados-epigeos-bioindicadores.pdf\">Correa, I et al (2026) -Macroinvertebrados epigeos bioindicadores<\/a><a href=\"https:\/\/proyectoeltambor.org\/wp-content\/uploads\/2026\/02\/Correa-I-et-al-2026-Macroinvertebrados-epigeos-bioindicadores.pdf\" class=\"wp-block-file__button wp-element-button\" download aria-describedby=\"wp-block-file--media-4b911aeb-c60f-49cc-ad3e-0d7f3d11548c\">Download<\/a><\/div>\n\n\n\n<div class=\"wp-block-file\"><a id=\"wp-block-file--media-46fa495f-3832-4630-a32f-e6b7d5d288ec\" href=\"https:\/\/proyectoeltambor.org\/wp-content\/uploads\/2026\/02\/Quevedo-Rojas-et-al.-2024-Light-penetration-and-topography-shape-juvenile-tr.pdf\">Quevedo-Rojas et al. &#8211; 2024 &#8211; Light penetration and topography shape juvenile tr<\/a><a href=\"https:\/\/proyectoeltambor.org\/wp-content\/uploads\/2026\/02\/Quevedo-Rojas-et-al.-2024-Light-penetration-and-topography-shape-juvenile-tr.pdf\" class=\"wp-block-file__button wp-element-button\" download aria-describedby=\"wp-block-file--media-46fa495f-3832-4630-a32f-e6b7d5d288ec\">Download<\/a><\/div>\n\n\n\n<div class=\"wp-block-file\"><a id=\"wp-block-file--media-0d622dda-fc3c-4be9-8faa-b4aa3f2a2182\" href=\"https:\/\/proyectoeltambor.org\/wp-content\/uploads\/2026\/02\/Quevedo-Rojas-y-Jerez-Rico-2021-Mixed-Forest-Plantations-with-Native-Species-for-E.pdf\">Quevedo-Rojas y Jerez-Rico &#8211; 2021 &#8211; Mixed Forest Plantations with Native Species for E<\/a><a href=\"https:\/\/proyectoeltambor.org\/wp-content\/uploads\/2026\/02\/Quevedo-Rojas-y-Jerez-Rico-2021-Mixed-Forest-Plantations-with-Native-Species-for-E.pdf\" class=\"wp-block-file__button wp-element-button\" download aria-describedby=\"wp-block-file--media-0d622dda-fc3c-4be9-8faa-b4aa3f2a2182\">Download<\/a><\/div>\n\n\n\n<div class=\"wp-block-file\"><a id=\"wp-block-file--media-ef8e312b-b324-436b-9879-a6c58c845151\" href=\"https:\/\/proyectoeltambor.org\/wp-content\/uploads\/2026\/02\/Quevedo-Rojas-et-al.-2018-Leaf-acclimation-strategies-to-contrasting-light-c.pdf\">Quevedo-Rojas et al. &#8211; 2018 &#8211; Leaf acclimation strategies to contrasting light c<\/a><a href=\"https:\/\/proyectoeltambor.org\/wp-content\/uploads\/2026\/02\/Quevedo-Rojas-et-al.-2018-Leaf-acclimation-strategies-to-contrasting-light-c.pdf\" class=\"wp-block-file__button wp-element-button\" download aria-describedby=\"wp-block-file--media-ef8e312b-b324-436b-9879-a6c58c845151\">Download<\/a><\/div>\n\n\n\n<div class=\"wp-block-file\"><a id=\"wp-block-file--media-e00b1756-3ad0-41c8-8f20-530cce577dbf\" href=\"https:\/\/proyectoeltambor.org\/wp-content\/uploads\/2026\/02\/Quevedo-et-al.-2016-Ambiente-de-luz-del-sotobosque-de-una-selva-nublad.pdf\">Quevedo et al. &#8211; 2016 &#8211; Ambiente de luz del sotobosque de una selva nublad<\/a><a href=\"https:\/\/proyectoeltambor.org\/wp-content\/uploads\/2026\/02\/Quevedo-et-al.-2016-Ambiente-de-luz-del-sotobosque-de-una-selva-nublad.pdf\" class=\"wp-block-file__button wp-element-button\" download aria-describedby=\"wp-block-file--media-e00b1756-3ad0-41c8-8f20-530cce577dbf\">Download<\/a><\/div>\n\n\n\n<div class=\"wp-block-file\"><a id=\"wp-block-file--media-758e35e6-ddf9-4c99-9420-ba5ea8b6c266\" href=\"https:\/\/proyectoeltambor.org\/wp-content\/uploads\/2026\/02\/Quevedo-Rojas-et-al.-2016-Distribution-of-juveniles-of-tree-species-along-a.pdf\">Quevedo Rojas et al. &#8211; 2016 &#8211; Distribution of juveniles of tree species along a<\/a><a href=\"https:\/\/proyectoeltambor.org\/wp-content\/uploads\/2026\/02\/Quevedo-Rojas-et-al.-2016-Distribution-of-juveniles-of-tree-species-along-a.pdf\" class=\"wp-block-file__button wp-element-button\" download aria-describedby=\"wp-block-file--media-758e35e6-ddf9-4c99-9420-ba5ea8b6c266\">Download<\/a><\/div>\n\n\n\n<div class=\"wp-block-file\"><a id=\"wp-block-file--media-2373e0a6-082a-4f9b-b1aa-e2e589a44690\" href=\"https:\/\/proyectoeltambor.org\/wp-content\/uploads\/2026\/02\/Jerez-et-al.-2011-Regeneracion-natural-inducida-y-plantaciones-fores.pdf\">Jerez et al. &#8211; 2011 &#8211; Regeneraci\u00f3n natural inducida y plantaciones fores<\/a><a href=\"https:\/\/proyectoeltambor.org\/wp-content\/uploads\/2026\/02\/Jerez-et-al.-2011-Regeneracion-natural-inducida-y-plantaciones-fores.pdf\" class=\"wp-block-file__button wp-element-button\" download aria-describedby=\"wp-block-file--media-2373e0a6-082a-4f9b-b1aa-e2e589a44690\">Download<\/a><\/div>","protected":false},"excerpt":{"rendered":"<p>Publicaciones En esta secci\u00f3n encontrar\u00e1s art\u00edculos cient\u00edficos publicados por el equipo de Proyecto El Tambor:<\/p>","protected":false},"author":1,"featured_media":0,"parent":0,"menu_order":0,"comment_status":"closed","ping_status":"closed","template":"","meta":{"_uag_custom_page_level_css":"","site-sidebar-layout":"default","site-content-layout":"","ast-site-content-layout":"","site-content-style":"default","site-sidebar-style":"default","ast-global-header-display":"","ast-banner-title-visibility":"","ast-main-header-display":"","ast-hfb-above-header-display":"","ast-hfb-below-header-display":"","ast-hfb-mobile-header-display":"","site-post-title":"disabled","ast-breadcrumbs-content":"","ast-featured-img":"","footer-sml-layout":"","theme-transparent-header-meta":"","adv-header-id-meta":"","stick-header-meta":"","header-above-stick-meta":"","header-main-stick-meta":"","header-below-stick-meta":"","astra-migrate-meta-layouts":"default","ast-page-background-enabled":"default","ast-page-background-meta":{"desktop":{"background-color":"var(--ast-global-color-4)","background-image":"","background-repeat":"repeat","background-position":"center center","background-size":"auto","background-attachment":"scroll","background-type":"","background-media":"","overlay-type":"","overlay-color":"","overlay-opacity":"","overlay-gradient":""},"tablet":{"background-color":"","background-image":"","background-repeat":"repeat","background-position":"center center","background-size":"auto","background-attachment":"scroll","background-type":"","background-media":"","overlay-type":"","overlay-color":"","overlay-opacity":"","overlay-gradient":""},"mobile":{"background-color":"","background-image":"","background-repeat":"repeat","background-position":"center center","background-size":"auto","background-attachment":"scroll","background-type":"","background-media":"","overlay-type":"","overlay-color":"","overlay-opacity":"","overlay-gradient":""}},"ast-content-background-meta":{"desktop":{"background-color":"var(--ast-global-color-5)","background-image":"","background-repeat":"repeat","background-position":"center center","background-size":"auto","background-attachment":"scroll","background-type":"","background-media":"","overlay-type":"","overlay-color":"","overlay-opacity":"","overlay-gradient":""},"tablet":{"background-color":"var(--ast-global-color-5)","background-image":"","background-repeat":"repeat","background-position":"center center","background-size":"auto","background-attachment":"scroll","background-type":"","background-media":"","overlay-type":"","overlay-color":"","overlay-opacity":"","overlay-gradient":""},"mobile":{"background-color":"var(--ast-global-color-5)","background-image":"","background-repeat":"repeat","background-position":"center center","background-size":"auto","background-attachment":"scroll","background-type":"","background-media":"","overlay-type":"","overlay-color":"","overlay-opacity":"","overlay-gradient":""}},"footnotes":""},"class_list":["post-625","page","type-page","status-publish","hentry"],"uagb_featured_image_src":{"full":false,"thumbnail":false,"medium":false,"medium_large":false,"large":false,"1536x1536":false,"2048x2048":false,"trp-custom-language-flag":false},"uagb_author_info":{"display_name":"proyectotambor","author_link":"https:\/\/proyectoeltambor.org\/en\/author\/proyectotambor\/"},"uagb_comment_info":0,"uagb_excerpt":"Publicaciones En esta secci\u00f3n encontrar\u00e1s art\u00edculos cient\u00edficos publicados por el equipo de Proyecto El Tambor:","_links":{"self":[{"href":"https:\/\/proyectoeltambor.org\/en\/wp-json\/wp\/v2\/pages\/625","targetHints":{"allow":["GET"]}}],"collection":[{"href":"https:\/\/proyectoeltambor.org\/en\/wp-json\/wp\/v2\/pages"}],"about":[{"href":"https:\/\/proyectoeltambor.org\/en\/wp-json\/wp\/v2\/types\/page"}],"author":[{"embeddable":true,"href":"https:\/\/proyectoeltambor.org\/en\/wp-json\/wp\/v2\/users\/1"}],"replies":[{"embeddable":true,"href":"https:\/\/proyectoeltambor.org\/en\/wp-json\/wp\/v2\/comments?post=625"}],"version-history":[{"count":4,"href":"https:\/\/proyectoeltambor.org\/en\/wp-json\/wp\/v2\/pages\/625\/revisions"}],"predecessor-version":[{"id":925,"href":"https:\/\/proyectoeltambor.org\/en\/wp-json\/wp\/v2\/pages\/625\/revisions\/925"}],"wp:attachment":[{"href":"https:\/\/proyectoeltambor.org\/en\/wp-json\/wp\/v2\/media?parent=625"}],"curies":[{"name":"wp","href":"https:\/\/api.w.org\/{rel}","templated":true}]}}

<div class="wp-block-uagb-container uagb-block-e0f1cb41 alignfull uagb-is-root-container"><div class="uagb-container-inner-blocks-wrap">
<div class="wp-block-uagb-advanced-heading uagb-block-e9014f08"><h2 class="uagb-heading-text">Publications</h2></div>
</div></div>



<div class="wp-block-uagb-advanced-heading uagb-block-828d9193"><p class="uagb-heading-text">In this section you will find scientific articles published by the El Tambor Project team:</p></div>



<ul class="wp-block-list">
<li>Correa, I., Quevedo, A., Jerez-Rico, M., Bianchi, G., Gutierrez, C., &amp; Ortiz, L. (2026). Macroinvertebrados epigeos bioindicadores de la restauración del suelo en un Bosque Nublado Andino. Entomotropica, 41, 1-16. <a href="https://saber.ucv.ve/ojs/index.php/rev_ento/article/view/32246">https://saber.ucv.ve/ojs/index.php/rev_ento/article/view/32246</a></li>



<li>Quevedo-Rojas, A., Jerez-Rico, M., Fariñas, M. R., Schwarzkopf, T., &amp; García-Núñez, C. (2024). Light penetration and topography shape juvenile tree species assemblies in the understory of the tropical Andean cloud forest. Journal of Tropical Ecology, 40, e21. <a href="https://doi.org/10.1017/S0266467424000178">https://doi.org/10.1017/S0266467424000178</a></li>



<li>Quevedo-Rojas, A., &amp; Jerez-Rico, M. (2021). Mixed Forest Plantations with Native Species for Ecological Restoration in Cloud Forests of the Venezuelan Andes. In A. Cristina Gonçalves (Ed.), Silviculture. IntechOpen. <a href="https://doi.org/10.5772/intechopen.95006">https://doi.org/10.5772/intechopen.95006</a></li>



<li>Quevedo-Rojas, A., García-Núñez, C., Jerez-Rico, M., Jaimez, R., &amp; Schwarzkopf, T. (2018). Leaf acclimation strategies to contrasting light conditions in saplings of different shade tolerance in a tropical cloud forest. Functional Plant Biology, 45(9), 968. <a href="https://doi.org/10.1071/FP17308">https://doi.org/10.1071/FP17308</a></li>



<li>Quevedo, A., Schwarzkopf, T., García, C., &amp; Jerez, M. (2016). Ambiente de luz del sotobosque de una selva nublada andina: Estructura del dosel y estacionalidad climática. Rev. Biol. Trop., 64, 10.</li>



<li>Quevedo Rojas, A., Rico Jerez, M., Schwarzkopf Kratzer, T., &amp; García-Núñez, C. (2016). Distribution of juveniles of tree species along a canopy closure gradient in a tropical cloud forest of the Venezuelan Andes. iForest &#8211; Biogeosciences and Forestry, 9(3), 363–369. <a href="https://doi.org/10.3832/ifor1568-008">https://doi.org/10.3832/ifor1568-008</a></li>



<li>Jerez, M., Quevedo, A., Moret, A. Y., Plonczak, M., Garay, V., Vincent, L., Silva, J. D., &amp; Poveda, L. E. R. (2011). Regeneración natural inducida y plantaciones forestales con especies nativas: Potencial y limitaciones para la recuperación de bosques tropicales degradados en los llanos occidentales de Venezuela. En La Restauración Ecológica en Venezuela: Fundamentos y Experiencias. (Instituto Venezolano de Investigaciones Científicas, pp. 35–60). <a href="http://webdelprofesor.ula.ve/forestal/jerez/PUBLICACIONES/2011b_Jerez_et_al.pdf">http://webdelprofesor.ula.ve/forestal/jerez/PUBLICACIONES/2011b_Jerez_et_al.pdf</a></li>
</ul>



<div class="wp-block-file"><a id="wp-block-file--media-4b911aeb-c60f-49cc-ad3e-0d7f3d11548c" href="https://proyectoeltambor.org/wp-content/uploads/2026/02/Correa-I-et-al-2026-Macroinvertebrados-epigeos-bioindicadores.pdf">Correa, I et al (2026) -Macroinvertebrados epigeos bioindicadores</a><a href="https://proyectoeltambor.org/wp-content/uploads/2026/02/Correa-I-et-al-2026-Macroinvertebrados-epigeos-bioindicadores.pdf" class="wp-block-file__button wp-element-button" download aria-describedby="wp-block-file--media-4b911aeb-c60f-49cc-ad3e-0d7f3d11548c">Download</a></div>



<div class="wp-block-file"><a id="wp-block-file--media-46fa495f-3832-4630-a32f-e6b7d5d288ec" href="https://proyectoeltambor.org/wp-content/uploads/2026/02/Quevedo-Rojas-et-al.-2024-Light-penetration-and-topography-shape-juvenile-tr.pdf">Quevedo-Rojas et al. &#8211; 2024 &#8211; Light penetration and topography shape juvenile tr</a><a href="https://proyectoeltambor.org/wp-content/uploads/2026/02/Quevedo-Rojas-et-al.-2024-Light-penetration-and-topography-shape-juvenile-tr.pdf" class="wp-block-file__button wp-element-button" download aria-describedby="wp-block-file--media-46fa495f-3832-4630-a32f-e6b7d5d288ec">Download</a></div>



<div class="wp-block-file"><a id="wp-block-file--media-0d622dda-fc3c-4be9-8faa-b4aa3f2a2182" href="https://proyectoeltambor.org/wp-content/uploads/2026/02/Quevedo-Rojas-y-Jerez-Rico-2021-Mixed-Forest-Plantations-with-Native-Species-for-E.pdf">Quevedo-Rojas y Jerez-Rico &#8211; 2021 &#8211; Mixed Forest Plantations with Native Species for E</a><a href="https://proyectoeltambor.org/wp-content/uploads/2026/02/Quevedo-Rojas-y-Jerez-Rico-2021-Mixed-Forest-Plantations-with-Native-Species-for-E.pdf" class="wp-block-file__button wp-element-button" download aria-describedby="wp-block-file--media-0d622dda-fc3c-4be9-8faa-b4aa3f2a2182">Download</a></div>



<div class="wp-block-file"><a id="wp-block-file--media-ef8e312b-b324-436b-9879-a6c58c845151" href="https://proyectoeltambor.org/wp-content/uploads/2026/02/Quevedo-Rojas-et-al.-2018-Leaf-acclimation-strategies-to-contrasting-light-c.pdf">Quevedo-Rojas et al. &#8211; 2018 &#8211; Leaf acclimation strategies to contrasting light c</a><a href="https://proyectoeltambor.org/wp-content/uploads/2026/02/Quevedo-Rojas-et-al.-2018-Leaf-acclimation-strategies-to-contrasting-light-c.pdf" class="wp-block-file__button wp-element-button" download aria-describedby="wp-block-file--media-ef8e312b-b324-436b-9879-a6c58c845151">Download</a></div>



<div class="wp-block-file"><a id="wp-block-file--media-e00b1756-3ad0-41c8-8f20-530cce577dbf" href="https://proyectoeltambor.org/wp-content/uploads/2026/02/Quevedo-et-al.-2016-Ambiente-de-luz-del-sotobosque-de-una-selva-nublad.pdf">Quevedo et al. &#8211; 2016 &#8211; Ambiente de luz del sotobosque de una selva nublad</a><a href="https://proyectoeltambor.org/wp-content/uploads/2026/02/Quevedo-et-al.-2016-Ambiente-de-luz-del-sotobosque-de-una-selva-nublad.pdf" class="wp-block-file__button wp-element-button" download aria-describedby="wp-block-file--media-e00b1756-3ad0-41c8-8f20-530cce577dbf">Download</a></div>



<div class="wp-block-file"><a id="wp-block-file--media-758e35e6-ddf9-4c99-9420-ba5ea8b6c266" href="https://proyectoeltambor.org/wp-content/uploads/2026/02/Quevedo-Rojas-et-al.-2016-Distribution-of-juveniles-of-tree-species-along-a.pdf">Quevedo Rojas et al. &#8211; 2016 &#8211; Distribution of juveniles of tree species along a</a><a href="https://proyectoeltambor.org/wp-content/uploads/2026/02/Quevedo-Rojas-et-al.-2016-Distribution-of-juveniles-of-tree-species-along-a.pdf" class="wp-block-file__button wp-element-button" download aria-describedby="wp-block-file--media-758e35e6-ddf9-4c99-9420-ba5ea8b6c266">Download</a></div>



<div class="wp-block-file"><a id="wp-block-file--media-2373e0a6-082a-4f9b-b1aa-e2e589a44690" href="https://proyectoeltambor.org/wp-content/uploads/2026/02/Jerez-et-al.-2011-Regeneracion-natural-inducida-y-plantaciones-fores.pdf">Jerez et al. &#8211; 2011 &#8211; Regeneración natural inducida y plantaciones fores</a><a href="https://proyectoeltambor.org/wp-content/uploads/2026/02/Jerez-et-al.-2011-Regeneracion-natural-inducida-y-plantaciones-fores.pdf" class="wp-block-file__button wp-element-button" download aria-describedby="wp-block-file--media-2373e0a6-082a-4f9b-b1aa-e2e589a44690">Download</a></div>

<p>Publicaciones En esta sección encontrarás artículos científicos publicados por el equipo de Proyecto El Tambor:</p>

Publicaciones En esta sección encontrarás artículos científicos publicados por el equipo de Proyecto El Tambor:
